?
13
Let o(l) = -4*l - 5. Let v(k) = -2*k**2 + 10*k + 15. What is the remainder when o(-3) is divided by v(6)?
1
Let p = -532 + 597. What is the remainder when p is divided by 6?
5
Let r(s) = 4*s - 1. Let z be r(7). Calculate the remainder when (-2888)/(-88) + z/(-33) + 1 is divided by 9.
6
Let u(r) be the third derivative of -r**6/120 + r**5/6 - r**4/3 - 11*r**3/6 - 28*r**2. What is the remainder when u(6) is divided by 11?
8
Suppose -15*z + 156 = -9*z. What is the remainder when z is divided by 4?
2
Suppose 5*z - 18 = -4*x + 10, 5*z - 34 = -2*x. Let o(n) = 4*n + 24 - 35 - 8*n**2 + n**2 + n**3. Calculate the remainder when o(z) is divided by 22.
19
Let b(h) = 7 + 6*h**3 - h**3 + 5*h**2 - 6*h**3. Suppose -19 = -5*r + 6. What is the remainder when 20 is divided by b(r)?
6
Suppose -5 = -j + 15. Let m(u) = u**2 - 4*u - 10. Let a be m(5). What is the remainder when a/(j/(-104)) - 2 is divided by 13?
11
What is the remainder when 74 is divided by 1768/170 - (-1 + (-2)/(-5))?
8
Suppose 0 = -112*g + 116*g - 2200. What is the remainder when g is divided by 23?
21
Let p = -484 + 492. What is the remainder when 12 is divided by p?
4
Suppose -9*k - 592 = -709. What is the remainder when 44 is divided by k?
5
Let t(i) = i**3 - 11*i**2 - 147*i - 18. What is the remainder when t(19) is divided by 64?
13
Suppose -3*t = 6*r - r - 148, 0 = r - t - 28. Suppose -6*g = -0*g - 570. Calculate the remainder when -3*(-4)/(-20)*(0 - g) is divided by r.
28
Suppose -122*z + 68*z + 1026 = 0. What is the remainder when 21 is divided by z?
2
Let g be 3 + -2 - (-2)/1. Suppose t = -4, -2*t = g*r - 7*r + 68. What is the remainder when r is divided by 8?
7
Let n(c) = 19*c**2 - 20*c + 1. Let d be n(-5). Suppose 390 = 6*g - d. Calculate the remainder when g is divided by 41.
38
Let b = 188 + -145. What is the remainder when 160 is divided by b?
31
Suppose 0 = -5*n + 1 + 4. Let w be ((-135)/12)/(n/(-4)). Suppose 3*r - 69 = w. What is the remainder when r is divided by 10?
8
Suppose -308 = -23*r - 5*r. What is the remainder when 12 is divided by r?
1
Let p = -259 - -272. Suppose -24 = -3*f - 0*f. Calculate the remainder when p is divided by f.
5
Let o = 84 + -54. Suppose -32 = -2*d + 4*b, 2*d - 5*b - 27 - 6 = 0. Let i = -6 + d. What is the remainder when o is divided by i?
6
Let p(x) = -x**3 + 5*x**2 - 7*x - 98. What is the remainder when p(-6) is divided by 114?
112
Let w(y) = 3*y**2 + 2*y - 1. Let b be w(1). Suppose 0 = k - b*k + 63. What is the remainder when k is divided by 3955/339 - (1 + 1/(-3))?
10
Let t(r) = 10*r**2 - r. Let d(i) = -i**2 - i. Let o be d(1). Let b be t(o). What is the remainder when 1590/b - (-2)/14 is divided by 13?
12
Calculate the remainder when 210/6*110/35 is divided by 47.
16
Let o = 43 - -249. Calculate the remainder when o is divided by 21.
19
Suppose 3*q + 32 = 4*s + 7*q, q + 12 = 3*s. Suppose -2*v - v - 9 = -3*l, v + s = 2*l. Calculate the remainder when 7 is divided by l.
1
What is the remainder when 66 is divided by 267/12 - (-3)/4?
20
Suppose 8*p + 7*p = 690. What is the remainder when 642 is divided by p?
44
Suppose -26*s = -26 - 260. What is the remainder when 14 is divided by s?
3
Let d = 8 - 6. Suppose -27*g = -28*g + 3*z + 19, 0 = 2*g + 3*z - 11. Suppose -5*f - d - 1 = 4*s, -g = 5*s. What is the remainder when 3 is divided by f?
0
Suppose 0 = -q + 19 + 2. What is the remainder when 97 is divided by q?
13
Let s = 9 - 2. Suppose -5*q + 6 = a + 25, 0 = -3*a + q + s. Suppose -27 = -4*d + i + 24, d - 3*i + a = 0. Calculate the remainder when 67 is divided by d.
11
Calculate the remainder when 36 is divided by (-32)/((-6)/(-1) - (0 - -8)).
4
Let r(u) = -u**3 + 4*u**2 - 8*u + 10. Let w be r(4). Let t(g) = -g + 7. Calculate the remainder when t(-6) is divided by ((-16)/(-3))/(w/(-33)).
5
Let q be 20/4*6*1. Calculate the remainder when q/4*(-16)/(-5) is divided by (14/(-2))/(9/(-18)).
10
Suppose q - o - 50 = 0, 3*o + 149 = 2*q + 49. What is the remainder when 76/(-6)*3/(-2) is divided by ((-12)/(-30))/(102/q + -2)?
9
Calculate the remainder when 106 is divided by (-4)/(-26) + 5880/312.
11
Suppose 112 = 4*t - q - 2*q, -4*t + q = -120. Suppose -5 = 2*l - t. What is the remainder when l is divided by 7?
6
Suppose 0 = 3*i + 4*a - 90, -5*i + 2*i = 2*a - 90. Let t = -375 - -494. What is the remainder when t is divided by i?
29
Let b = 25 + -12. Calculate the remainder when 53 + -18 + 8 + 6 is divided by b.
10
Let d(c) = -3*c - 3. Let b be d(3). Let n(i) = -i**2 - 9*i - 5. What is the remainder when 0 + (-1)/(2/b) is divided by n(-8)?
0
Suppose 117*w + 58 = 120*w - 5*u, 2*w = 3*u + 39. Calculate the remainder when 251 is divided by w.
20
Suppose -50 = 16*h - 21*h. Let i(t) = t**3 - 11*t**2 + 11*t + 8. Let v = 49 + -16. Calculate the remainder when v is divided by i(h).
15
Suppose -3*l + 2 + 4 = 3*s, 3*s - 10 = -l. Suppose 10*g - 60 = s*g. Calculate the remainder when 36 is divided by g.
6
Suppose 5*r - 1 = 2*r - 5*d, 4*r + 3*d - 5 = 0. Suppose 0 = -r*q + 3*z + 66, -56 = -3*q + 4*z + 41. Calculate the remainder when 105 is divided by q.
24
Let i = -60 + 41. Let l = -8 - i. What is the remainder when 20 is divided by l?
9
Let w(h) = -14*h - 3. Let r be w(-1). Suppose -r*t + 7*t + 112 = 0. Calculate the remainder when t is divided by 17.
11
Suppose 3*t = -3*x + 189, 5*x - 96 = -4*t + 154. What is the remainder when 388 is divided by t?
63
Suppose h + 2*j + 16 = 0, -2*h = 2*j + 10 + 24. Let x = h - -23. Suppose -6*a = -2*a - 4, 32 = x*w - 3*a. Calculate the remainder when 19 is divided by w.
5
Let p(n) be the first derivative of -n**3/3 - 5*n**2 - 3*n + 33. Calculate the remainder when 74 is divided by p(-6).
11
Let m be -7 + 3 + -4*58. What is the remainder when m/6*7/((-42)/9) is divided by 17?
8
What is the remainder when 174 is divided by (-936)/(-30) - 1/(40/48)?
24
Let a be (6/(-9))/((-4)/(-6))*-188. Let h = -111 + a. Calculate the remainder when h is divided by 13.
12
Suppose 0 = -4*y + 20 + 12. Let n(c) = 6*c - 20. Calculate the remainder when n(7) is divided by y.
6
Let q = -30 + 65. Calculate the remainder when q is divided by (-124)/(-10) + 8/(-20).
11
Let b(k) = k**2 + 10*k + 7. Let p(w) = 4*w**2 - 2*w - 4 - w + 5*w. What is the remainder when p(-4) is divided by b(-11)?
16
Calculate the remainder when 1712/48*(-6)/(3 + -5) is divided by 14.
9
Suppose 72 = -z + 2*v + 208, 0 = -5*z + v + 644. What is the remainder when z is divided by 73?
55
Suppose 0 = -u + 9 - 0. Suppose -534 = -5*f - u. What is the remainder when f is divided by 11/((-33)/(-78)) - -1?
24
Let n(d) = d + 20. Calculate the remainder when 23 is divided by n(-17).
2
Suppose -h = z - 17, 2*h - 6 = -0*h + 5*z. Calculate the remainder when 62 is divided by h.
10
Suppose -5*v + 1 + 34 = -k, -k = -3*v + 21. Suppose -v*o + 5*o = -16. What is the remainder when 0 - 1 - (-18 - -2) is divided by o?
7
Suppose -2279 = -24*m - 143. Calculate the remainder when m is divided by 63.
26
Suppose -10 - 72 = -a + 3*m, m - 474 = -5*a. Let q = -149 + a. Let n = -34 - q. Calculate the remainder when 60 is divided by n.
18
Suppose v - 25*u + 22*u = 171, 189 = v + 3*u. Calculate the remainder when v is divided by 14.
12
Let t(r) = -r**3 + 6*r**2 + 2*r + 7. Suppose -14 = 4*n - 38. Calculate the remainder when t(n) is divided by 5 - 0*(-2)/6.
4
Let v(j) = -j**3 - 41*j**2 - 46*j - 164. What is the remainder when v(-40) is divided by 42?
34
Suppose 4*t = -5*c + 51, 5*t - 62 = 2*t + c. Calculate the remainder when 48 is divided by t.
10
Let z(x) = 5*x**3 - 11*x**2 - 10*x + 86. Let p(i) = -i**3 + 2*i**2 + 2*i - 17. Let a(v) = -11*p(v) - 2*z(v). What is the remainder when 42 is divided by a(0)?
12
Suppose 0 = 3*p - 3*y - 114, -95 - 15 = -3*p + y. Calculate the remainder when 137 is divided by p.
29
Let r(g) = 68*g - 130. Let f = 87 - 60. What is the remainder when f is divided by r(2)?
3
Suppose -2*f + 108 = -u, -4*f - 2*u + 44 = -3*f. Let x = f + -32. Calculate the remainder when 56 is divided by x.
16
Calculate the remainder when 96 is divided by 9/(-6) + 405/10 - -3.
12
Let i = 36 + -26. Let j(h) be the first derivative of -h**3/3 + 9*h**2/2 + 13*h + 1. Calculate the remainder when i is divided by j(10).
1
Let j = -34 - -38. Suppose -3*l + 38 = 2*p, p + 36 = j*l - 0*p. Suppose l = -x + 19. Calculate the re